 7, what is 60 - 3345?
-3255
In base 8, what is -2374 - 2714?
-5310
In base 15, what is e47ce - -5?
e47d4
In base 2, what is -10011001 + -100111101?
-111010110
In base 14, what is 2234 - 3?
2231
In base 15, what is -52d5 + 4?
-52d1
In base 14, what is 48 - 20?
28
In base 9, what is -43 + 4336?
4283
In base 4, what is -20001211 + -11?
-20001222
In base 13, what is -18 + -124?
-13c
In base 7, what is 2 + 22446?
22451
In base 12, what is -568 + b?
-559
In base 4, what is 11 - -30223120?
30223131
In base 2, what is 0 + -110000?
-110000
In base 7, what is -63 - 4650?
-5043
In base 3, what is 2012021 + -1?
2012020
In base 3, what is -120022 + 120001?
-21
In base 13, what is 3 - -1bb66?
1bb69
In base 7, what is -11222303 - -2?
-11222301
In base 6, what is 15 - -10303?
10322
In base 6, what is -3302 + 25032?
21330
In base 6, what is 41313 - 5?
41304
In base 3, what is 2121212201010 - 0?
2121212201010
In base 16, what is -ab - 93b?
-9e6
In base 14, what is -5 - 6bb9b?
-6bba2
In base 9, what is -18 - -327223?
327204
In base 10, what is -35103 + 5?
-35098
In base 16, what is -24d05 + -5?
-24d0a
In base 7, what is 3026 + -10?
3016
In base 5, what is 0 - -10111030?
10111030
In base 7, what is -3350 - -412?
-2635
In base 14, what is -3 + 1c04?
1c01
In base 13, what is 0 + cc86?
cc86
In base 2, what is 10101111 - 10100100110?
-10001110111
In base 10, what is 3352 + -344?
3008
In base 6, what is 2413352 - 3?
2413345
In base 13, what is 7754 - -6?
775a
In base 15, what is -18 - -a4e?
a36
In base 13, what is 11 - -71c7?
7208
In base 4, what is 10 + 10023131?
10023201
In base 11, what is -186 - -1260?
1085
In base 12, what is 7 + -a323?
-a318
In base 13, what is a + -1018cc?
-1018c2
In base 12, what is -1 - -8b236?
8b235
In base 15, what is 1b1ab5 + 0?
1b1ab5
In base 5, what is -23142443 - 10?
-23143003
In base 11, what is -1 + -2335a0?
-2335a1
In base 6, what is -103301 + 2?
-103255
In base 5, what is -2204040 - 112?
-2204202
In base 6, what is -1421254 - -5?
-1421245
In base 13, what is 480 - -3?
483
In base 13, what is -5 + 183a?
1835
In base 11, what is -363a52 - -4?
-363a49
In base 11, what is -30a8 + 117?
-2a91
In base 8, what is 110324 + 3?
110327
In base 6, what is 122522220 + 5?
122522225
In base 12, what is 33a60 - -4?
33a64
In base 9, what is 1223 + -153?
1060
In base 16, what is -4 + 55453?
5544f
In base 14, what is 5375 + -bb?
5298
In base 4, what is -30 + 1030123?
1030033
In base 10, what is -27629 - 5?
-27634
In base 15, what is -315b1 + -a?
-315bb
In base 14, what is -3 + c76bc?
c76b9
In base 5, what is 200 + 41312?
42012
In base 8, what is -3 - -424165?
424162
In base 5, what is 1024223 + 1?
1024224
In base 13, what is -7aa98a + 4?
-7aa986
In base 4, what is -10 - 103310131?
-103310201
In base 7, what is -1121240 + -10?
-1121250
In base 12, what is 185 + 691?
856
In base 4, what is -12100 - -30022?
11322
In base 8, what is -10 + -1772030?
-1772040
In base 7, what is 16 + 1204406?
1204425
In base 9, what is -415050 - 0?
-415050
In base 13, what is 3a3 - -203?
5a6
In base 11, what is -2 - -160074?
160072
In base 10, what is -43 - 1834?
-1877
In base 13, what is -1307754 + -4?
-1307758
In base 8, what is -23344 + -46?
-23412
In base 11, what is -37764 + 0?
-37764
In base 8, what is 3523 - -23?
3546
In base 12, what is -10216 - 18?
-10232
In base 13, what is 18110 - -7?
18117
In base 7, what is 4 - -11020011?
11020015
In base 14, what is 159ad - 3?
159aa
In base 10, what is -5 - 179006?
-179011
In base 9, what is 5 - -178840?
178845
In base 6, what is 12122 + -152?
11530
In base 2, what is -1111000100100100011 - 10?
-1111000100100100101
In base 3, what is -112010210 - -2200?
-112001010
In base 15, what is -5 - -3d952?
3d94c
In base 8, what is -726 - 1327?
-2255
In base 14, what is 6a - 57?
13
In base 2, what is 101 - -10010000000100?
10010000001001
In base 12, what is -1 - -87b?
87a
In base 5, what is 1223041423 + 3?
1223041431
In base 13, what is -630 - -19?
-614
In base 5, what is 1 + 12330041?
12330042
In base 16, what is 1c12f + -14?
1c11b
In base 10, what is -5 + 9249?
9244
In base 14, what is -3b36 + -1a?
-3b52
In base 16, what is 2 - -81c1?
81c3
In base 2, what is -1110101110100000011010 + 0?
-1110101110100000011010
In base 16, what is -32ab + -2?
-32ad
In base 2, what is -1100 + 101001001011100?
101001001010000
In base 4, what is 3 - -1321012?
1321021
In base 2, what is -10011111 + 1000100101?
110000110
In base 11, what is -57 - 8954?
-8a00
In base 6, what is 1104214 - -3?
1104221
In base 14, what is -8433 + 5?
-842c
In base 14, what is -1192 + bb?
-10b5
In base 4, what is -22 + -231333?
-232021
In base 10, what is -6 + 5267?
5261
In base 14, what is 4c1 - -12d?
610
In base 12, what is -556 + -bb?
-655
In base 14, what is 42a7 + 2d3?
459a
In base 13, what is -18a + c80?
ac3
In base 12, what is 249a94 + -2?
249a92
In base 10, what is 1 - -819702?
819703
In base 4, what is 300 - 20110323?
-20110023
In base 12, what is -25b0 - -8?
-25a4
In base 12, what is -4b24a - -4?
-4b246
In base 12, what is 7 - 10ab?
-10a4
In base 8, what is 56634 - 5?
56627
In base 2, what is 100101010100100 - -110?
100101010101010
In base 7, what is 432 - 24231?
-23466
In base 5, what is -102424 + -20?
-102444
In base 2, what is 1011101 - -111000110?
1000100011
In base 14, what is 92 - c4?
-32
In base 3, what is -20210200022 + 10?
-20210200012
In base 8, what is -24144 - 3?
-24147
In base 12, what is -1b92b + 4?
-1b927
In base 12, what is 10911 - -2?
10913
In base 5, what is -2 - -223414?
223412
In base 4, what is -213031 + 1113?
-211312
In base 9, what is -5 + 265885?
265880
In base 10, what is 14485 - 3?
14482
In base 6, what is -405 - 25532?
-30341
In base 16, what is 2 + -382f?
-382d
In base 10, what is -56 + 63?
7
In base 9, what is -113150 + -3?
-113153
In base 2, what is -1101111 + -100010000010?
-100011110001
In base 4, what is -232001 + -202?
-232203
In base 6, what is -52330 + -3?
-52333
In base 16, what is -4 + -5dd7?
-5ddb
In base 14, what is 1596 + 4?
159a
In base 14, what is 1ba45 + 0?
1ba45
In base 6, what is 5 + 14051?
14100
In base 8, what is 4 - -171744?
171750
In base 12, what is 34438 - 1?
34437
In base 5, what is 12 + 34012?
34024
In base 10, what is 2 + -67956?
-67954
In base 4, what is 2313012 + -33?
2312313
In base 3, what is 0 - -212020221220?
212020221220
In base 12, what is -6 + 1a173?
1a169
In base 9, what is 7881 + -7?
7873
In base 9, what is -1360 + 244?
-1115
In base 3, what is 12021010 + 20?
12021100
In base 16, what is 0 + -96ff?
-96ff
In base 8, what is -10613 + 10?
-10603
In base 3, what is -10 + 12211000?
12210220
In base 11, what is -752688 - 1?
-752689
In base 3, what is -101100 - -2222001?
2120201
In base 4, what is -1112 + -112330?
-120102
In base 13, what is 9707 + -c?
96c8
In base 6, what is 10314 - 22401?
-12043
In base 6, what is -30043 + 5?
-30034
In base 9, what is 4 + -104586?
-104582
In base 4, what is 10 + -10103302?
-10103232
In base 2, what is 10101001010000011 + -1111?
10101001001110100
In base 16, what is 3 + a277?
a27a
In base 10, what is 151 - -344?
495
In base 7, what is -2530 + 54?
-2443
In base 14, what is -1031 + 9?
-1026
In base 11, what is 976a + -77?
96a3
In base 14, what is 2d - 311?
-2c2
In base 3, what is -102011 + 211111?
102100
In base 12, what is 21936 - 5?
21931
In base 16, what is -565e - 1?
-565f
In base 9, what is -12354 + 48?
-12305
In base 11, what is -62 - -354?
2a2
In base 7, what is 20431 + 403?
21134
In base 16, what is -15400 + 1?
-153ff
In base 4, what is 11021312 + -122?
11021130
In base 3, what is 122 - -1220011?
1220210
In base 11, what is 303 + -17?
297
In base 8, what is -1 - 345426?
-345427
In base 2, what is 1101000111000 - 10100?
1101000100100
In base 8, what is 64206 + 0?
64206
In base 14, what is 0 + c6d3b?
c6d3b
In base 16, what is 1a3 + 11?
1b4
In base 5, what is 22303 - 131?
22122
In base 8, what is 1 - -45603?
45604
In base 15, what is 3 + 19d88?
19d8b
In base 15, what is -29aa9d - -1?
-29aa9c
In base 12, what is 590 - -b?
59b
In base 7, what is -126 + -1?
-130
In base 13, what is -1cbb3 - -39?
-1cb77
In base 16, what is 9 + -58b?
-582
In base 11, what is 0 - -32276?
32276
In base 7, what is -46500 + 506?
-45661
In base 14, what is 7b949 + -3?
7b946
In base 3, what is -2111